n q is divided by p?
4
Suppose 174*a - 2112 - 1084 = 127*a. Let g(x) = x**2 + 4*x + 2. What is the remainder when a is divided by g(-6)?
12
Let l(x) = x**2 + 8*x - 109. Let d = -384 + 398. What is the remainder when l(d) is divided by (0/2)/3 + 51?
46
What is the remainder when 445 is divided by (6681/(-459))/(4/(-36))?
52
Suppose 4*g + 101 = 337. Let i = -13 + g. What is the remainder when 176 is divided by i?
38
Suppose 0 = 33*d - 131*d + 3920. What is the remainder when 1399 is divided by d?
39
Suppose -5*l - 273*k + 268*k + 1635 = 0, l + 4*k - 345 = 0. Let b = 30 + 16. Calculate the remainder when l is divided by b.
45
Suppose -3 = -4*t + h, -t + 3*h - 7*h + 22 = 0. Suppose 1 = -p - t, i - 2*p - 25 = 0. What is the remainder when i is divided by 10?
9
Suppose 4*h - 45 = -n, -16 + 86 = 3*n - h. Let m(f) = -f**3 + 6*f**2 + 8*f + 7. Calculate the remainder when n is divided by m(7).
11
Let p = 1258 - 1077. What is the remainder when 378 is divided by p?
16
Let k(m) = m**2 + 3*m - 5. Let s be k(2). Suppose -18 - 2 = -s*u. Suppose 5*j = 23 + 2. Calculate the remainder when j is divided by u.
1
Suppose 0 = 2*r - 5 - 5. Let u(w) = -w**3 + 5*w**2 + 3*w - 2. Let z = -216 + 223. Calculate the remainder when u(r) is divided by z.
6
Suppose 100 = 9*n - 269. Let d = n - 27. Suppose k + 4 = 0, -5*p + 320 - 41 = -k. Calculate the remainder when p is divided by d.
13
Suppose -5*s = 3*j + 5, -3*j + 1 = -2*s - 4*j. What is the remainder when 128 is divided by (-2)/s + 575/25?
18
Let q(g) = 16*g - 473. Suppose 0 = 5*r + 29 + 11. Calculate the remainder when 6/(-24) - 90/r is divided by q(30).
4
Suppose 221 - 69 = 8*t. Let u(h) = 3*h**2 + 14*h - 55. Calculate the remainder when u(4) is divided by t.
11
Let n be 5/(203/49 + -4). Suppose 3*o + 4*w = 7, -6*o = -o + 2*w - n. Calculate the remainder when 79 is divided by o.
7
Let y(d) = -d**2 + 4*d. Let g be y(5). Let q(c) = -2*c**3 - c**2 + 2. What is the remainder when (-102)/g*70/28 is divided by q(-2)?
9
Suppose 6*q = 57 - 15. Suppose -2*t - 5 = -q*t, 5*c - t = 659. What is the remainder when c is divided by 46?
40
What is the remainder when 30/80 + (-2 - 4372/(-32)) is divided by 43?
6
Let z be -1 + 0/(-3) + 66. Let f = 67 - z. Suppose 8*m - 5*a = 3*m + 10, -5*a = -f*m - 2. What is the remainder when 15 is divided by m?
3
Suppose 9*h = -18*h + 5*h + 3014. What is the remainder when h is divided by 21?
11
Let c(r) = -4*r**2 - 50*r + 5. Calculate the remainder when c(-6) is divided by 51.
8
Let o be (-2)/(-6)*2 + 1425294/(-351). What is the remainder when o/(-174)*6/4 is divided by 1/(-1)*28/(-2)?
7
Let r = -249 + 301. Suppose r*z - 1477 = 45*z. What is the remainder when z is divided by 43?
39
Let b(a) = -10*a + 99. Let y(q) = -q**3 - 17*q**2 - 20*q - 56. Let c be y(-16). Calculate the remainder when b(c) is divided by 7.
5
Suppose -11 = -a + 395*v - 391*v, -26 = -4*a - 2*v. Let x = 101 - 41. What is the remainder when -4 + x + (2 - 6) is divided by a?
3
Let m(y) = -41*y + 606. Calculate the remainder when 1503 is divided by m(14).
31
Let j = 414 - 418. Let f(x) = -x**3 - 2*x**2 + 6*x + 2. Calculate the remainder when f(-4) is divided by (6/j - -2)*8.
2
Let x(l) = -6*l**2 - 33*l + 20. Let i be x(-6). Let n(o) = o**2 + 50*o - 98. Calculate the remainder when 26 is divided by n(i).
2
Suppose 0 = 74*j - 0*j + 20845 - 68353. What is the remainder when j is divided by 642?
0
Suppose 5*y + 565 = -3*k + 3930, 5*y = -k + 3355. Calculate the remainder when y is divided by 55.
10
Suppose 0 = 5*j + 5*r - 905, 20 = 5*r + 5. Suppose -2*q - j = -5*z, -3*z = -7*q + 2*q - 122. Calculate the remainder when 338 is divided by z.
32
Suppose 0 = -9*l + 10*l. Suppose 3*x + 6 - 15 = l. Suppose -2*o - 3*u = 2*u - 42, x*o - 3*u - 21 = 0. What is the remainder when 73 is divided by o?
7
Let g = -3473 - -3577. Calculate the remainder when 264 is divided by g.
56
Suppose -r + 4*n + 230 = 0, 3*r - 878 + 148 = 2*n. What is the remainder when r is divided by 55?
26
Let r(g) = -10*g + 532. What is the remainder when r(18) is divided by 116?
4
Suppose -3*x - v = -443, -174*x + 176*x - 298 = 2*v. What is the remainder when 454 is divided by x?
10
Suppose 0 = 2*h + 4*i - 874, 0 = -2*h + i - 19 + 918. Let u = 326 + -270. What is the remainder when h is divided by u?
55
Let n(v) = -264*v**3 + 11*v**2 - 4*v + 13. What is the remainder when n(-3) is divided by 186?
184
Suppose 0 = 8*i + 174 - 126. Let n(v) = 2*v + 4*v - 5*v + 0*v + 11. Calculate the remainder when 8 is divided by n(i).
3
Suppose 12*q - 518 = 754. Suppose -16 = 4*b, -5*g + 4*b = -q - 215. What is the remainder when 301 is divided by g?
57
Suppose 4 + 5 = -j. Let w = j - -35. Calculate the remainder when 49 is divided by w/2 + -1 - 2.
9
Let b = 959 + -662. What is the remainder when b is divided by 34?
25
Let f(x) be the first derivative of -3*x**2/2 - 33*x + 15. Calculate the remainder when f(-13) is divided by 3.
0
Let b(a) = a**3 - 4*a**2 + 9*a - 5. Let l be b(3). Suppose -16*i = -1453 + l. What is the remainder when i is divided by 31?
28
Let g be ((6 - 7)/3)/(1/(-459)). Let m = 175 - g. What is the remainder when 36 is divided by m?
14
Let u = 59 - -32. Suppose -5*j - 2*k + u = 0, -5*j + 6*j = -3*k + 26. Suppose 3*h + j = 95. What is the remainder when 100 is divided by h?
22
Let n = 26053 + -18926. What is the remainder when n is divided by 99?
98
Suppose -5*g + 511 = -844. Let l = g + -187. Suppose 342 = 6*j - l. Calculate the remainder when j is divided by 24.
23
Suppose 6*m - 4462 = 2775 - 787. What is the remainder when m is divided by 30?
25
Let s = -163159 + 163256. Suppose -18 = -3*k + 2*k. Suppose -p = -k - 7. Calculate the remainder when s is divided by p.
22
Suppose -2455 = -4*p + 5*j, -5*p - 2*j + 3313 - 269 = 0. What is the remainder when p is divided by 56?
50
Let u = 100 - 100. Suppose 3*x - 4*z + 25 = -u*z, 0 = x + 4*z - 13. Calculate the remainder when x*(-8)/18*(42 - 3) is divided by 18.
16
Let l(y) = 2*y**2 - 3*y - 2. Suppose 29*o - 9402 = 52. Suppose -337*u = -o*u - 913. What is the remainder when u is divided by l(-2)?
11
Suppose -53*i + 17*i - 3050 = -14066. What is the remainder when 948 is divided by i?
30
Suppose 3*y + 45 = -3*k + k, 2*y = k - 30. Let s be (-516)/y - 1 - 4/10. Let o = 52 - s. Calculate the remainder when 73 is divided by o.
16
Let n(g) = 24*g + 5555. Calculate the remainder when n(-54) is divided by 29.
25
Let l(k) = k**3 + 10*k**2 + k + 34. Let h be l(-10). What is the remainder when 77 is divided by (6 + 119/(-21))*h?
5
Let n = 631 + -631. Let x(w) = -w**2 + 2*w + 34. Calculate the remainder when 202 is divided by x(n).
32
Suppose -2687 + 1794 = -5*t + 4*r, -2*t = r - 339. Calculate the remainder when 319 is divided by t.
146
Suppose 2*v - 104 = -m - m, -152 = -3*v - 5*m. Let u = -31 + v. Calculate the remainder when 57 is divided by u.
11
Let n(i) = 4*i**3 + 2*i**2 - i. Calculate the remainder when -9 - 1 - 195440/(-560) is divided by n(2).
35
Suppose 4*p + 0*p - 96 = 0. Suppose 0 = -22*u + 33*u - 1276. Calculate the remainder when u is divided by p.
20
Let h = 159 + -156. Suppose 8*v - 7*v = -3*x + 91, -3*x + h*v + 75 = 0. Calculate the remainder when x is divided by 6.
5
Let i = -1356 - -1376. Calculate the remainder when 133 is divided by i.
13
Let d = -55 - -55. Suppose d = -5*g + 49 - 14. Suppose 14 = g*p - 350. What is the remainder when p is divided by 11?
8
Suppose 2*u = -5*i + 205, 2*u + 19*i - 13*i = 210. Calculate the remainder when 243 is divided by u.
63
Suppose 3*q - 195 = -468. Let c = 109 + q. What is the remainder when 48 is divided by c?
12
Let q = -5 + 11. Let x be 4/(70/264 - (-44)/(-242)). Suppose x = -q*l + 12*l. Calculate the remainder when l is divided by 7.
1
Let y = 134 + -130. Let a be 1 - 5 - (-107 + y + 0). Let x = a - 88. Calculate the remainder when 40 is divided by x.
7
Let y be (40/(-28))/(8/(-28)). Suppose 9 = -8*q + y*q + 2*n, 5*q + 5*n = -15. Calculate the remainder when q/((-6)/118) - (8 - 8) is divided by 21.
17
Let l = -11352 - -11554. What is the remainder when 637 is divided by l?
31
Suppose -100*v + 102*v = 52. Suppose -v*q - 943 = -3699. What is the remainder when q is divided by 10?
6
Suppose 0*h - 5*u = -5*h, 3*h = 4*u - 4. Calculate the remainder when 34 - (-8 + h + 0) is divided by 1